{"id":12774,"date":"2023-08-09T23:09:50","date_gmt":"2023-08-09T21:09:50","guid":{"rendered":"https:\/\/sotacel.com\/cambrils\/?page_id=12774"},"modified":"2023-10-16T12:23:21","modified_gmt":"2023-10-16T10:23:21","slug":"sobre-nosotros","status":"publish","type":"page","link":"https:\/\/sotacel.com\/cambrils\/sobre-nosotros\/","title":{"rendered":"SOBRE NOSOTROS"},"content":{"rendered":"\t\t<div data-elementor-type=\"wp-page\" data-elementor-id=\"12774\" class=\"elementor elementor-12774\">\n\t\t\t\t\t\t<section class=\"elementor-section elementor-top-section elementor-element elementor-element-9f1a0ca elementor-section-height-min-height elementor-section-boxed elementor-section-height-default elementor-section-items-middle\" data-id=\"9f1a0ca\" data-element_type=\"section\">\n\t\t\t\t\t\t<div class=\"elementor-container elementor-column-gap-default\">\n\t\t\t\t\t<div class=\"elementor-column elementor-col-100 elementor-top-column elementor-element elementor-element-f7e95b7\" data-id=\"f7e95b7\" data-element_type=\"column\">\n\t\t\t<div class=\"elementor-widget-wrap elementor-element-populated\">\n\t\t\t\t\t\t<div class=\"elementor-element elementor-element-51b3c8a elementor-widget-divider--view-line elementor-widget elementor-widget-divider\" data-id=\"51b3c8a\" data-element_type=\"widget\" data-widget_type=\"divider.default\">\n\t\t\t\t<div class=\"elementor-widget-container\">\n\t\t\t\t\t\t\t<div class=\"elementor-divider\">\n\t\t\t<span class=\"elementor-divider-separator\">\n\t\t\t\t\t\t<\/span>\n\t\t<\/div>\n\t\t\t\t\t\t<\/div>\n\t\t\t\t<\/div>\n\t\t\t\t<section class=\"elementor-section elementor-inner-section elementor-element elementor-element-ccc7874 elementor-section-height-min-height elementor-section-boxed elementor-section-height-default\" data-id=\"ccc7874\" data-element_type=\"section\">\n\t\t\t\t\t\t<div class=\"elementor-container elementor-column-gap-default\">\n\t\t\t\t\t<div class=\"elementor-column elementor-col-50 elementor-inner-column elementor-element elementor-element-694a2aa\" data-id=\"694a2aa\" data-element_type=\"column\">\n\t\t\t<div class=\"elementor-widget-wrap elementor-element-populated\">\n\t\t\t\t\t\t<div class=\"elementor-element elementor-element-7567f80 elementor-widget elementor-widget-image\" data-id=\"7567f80\" data-element_type=\"widget\" data-widget_type=\"image.default\">\n\t\t\t\t<div class=\"elementor-widget-container\">\n\t\t\t\t\t\t\t\t\t\t\t\t\t\t\t<img fetchpriority=\"high\" decoding=\"async\" width=\"1024\" height=\"1024\" src=\"https:\/\/sotacel.com\/cambrils\/wp-content\/uploads\/2023\/09\/WhatsApp-Image-2023-09-03-at-20.08.33-1024x1024.jpeg\" class=\"attachment-large size-large wp-image-12916\" alt=\"\" srcset=\"https:\/\/sotacel.com\/cambrils\/wp-content\/uploads\/2023\/09\/WhatsApp-Image-2023-09-03-at-20.08.33-1024x1024.jpeg 1024w, https:\/\/sotacel.com\/cambrils\/wp-content\/uploads\/2023\/09\/WhatsApp-Image-2023-09-03-at-20.08.33-300x300.jpeg 300w, https:\/\/sotacel.com\/cambrils\/wp-content\/uploads\/2023\/09\/WhatsApp-Image-2023-09-03-at-20.08.33-150x150.jpeg 150w, https:\/\/sotacel.com\/cambrils\/wp-content\/uploads\/2023\/09\/WhatsApp-Image-2023-09-03-at-20.08.33-768x768.jpeg 768w, https:\/\/sotacel.com\/cambrils\/wp-content\/uploads\/2023\/09\/WhatsApp-Image-2023-09-03-at-20.08.33-1536x1536.jpeg 1536w, https:\/\/sotacel.com\/cambrils\/wp-content\/uploads\/2023\/09\/WhatsApp-Image-2023-09-03-at-20.08.33-450x450.jpeg 450w, https:\/\/sotacel.com\/cambrils\/wp-content\/uploads\/2023\/09\/WhatsApp-Image-2023-09-03-at-20.08.33-106x106.jpeg 106w, https:\/\/sotacel.com\/cambrils\/wp-content\/uploads\/2023\/09\/WhatsApp-Image-2023-09-03-at-20.08.33-560x560.jpeg 560w, https:\/\/sotacel.com\/cambrils\/wp-content\/uploads\/2023\/09\/WhatsApp-Image-2023-09-03-at-20.08.33-70x70.jpeg 70w, https:\/\/sotacel.com\/cambrils\/wp-content\/uploads\/2023\/09\/WhatsApp-Image-2023-09-03-at-20.08.33.jpeg 1800w\" sizes=\"(max-width: 1024px) 100vw, 1024px\" \/>\t\t\t\t\t\t\t\t\t\t\t\t\t\t\t<\/div>\n\t\t\t\t<\/div>\n\t\t\t\t\t<\/div>\n\t\t<\/div>\n\t\t\t\t<div class=\"elementor-column elementor-col-50 elementor-inner-column elementor-element elementor-element-a1811b5\" data-id=\"a1811b5\" data-element_type=\"column\">\n\t\t\t<div class=\"elementor-widget-wrap elementor-element-populated\">\n\t\t\t\t\t\t<div class=\"elementor-element elementor-element-a63ecf2 elementor-widget elementor-widget-heading\" data-id=\"a63ecf2\" data-element_type=\"widget\" data-widget_type=\"heading.default\">\n\t\t\t\t<div class=\"elementor-widget-container\">\n\t\t\t\t\t<h1 class=\"elementor-heading-title elementor-size-default\">Sotacel, del mar a la mesa<\/h1>\t\t\t\t<\/div>\n\t\t\t\t<\/div>\n\t\t\t\t<div class=\"elementor-element elementor-element-e4eb33c elementor-widget elementor-widget-text-editor\" data-id=\"e4eb33c\" data-element_type=\"widget\" data-widget_type=\"text-editor.default\">\n\t\t\t\t<div class=\"elementor-widget-container\">\n\t\t\t\t\t\t\t\t\t<p>Para entender la filosof\u00eda del restaurante Sotacel es primordial hablar de sus propietarios, una pareja luchadora y entregada a su trabajo.<\/p><p>Empezaron a\u00f1os atr\u00e1s con un peque\u00f1o establecimiento en el barrio de la Llosa de Cambrils y con mucho esfuerzo y sacrificio lograron llevar a cabo uno de sus sue\u00f1os, abrir un restaurante en el m\u00edtico puerto de cambrils d\u00f3nde la calidad, servicio y precio estuviesen equilibrados. Tanto el ambiente como la decoraci\u00f3n es de estilo mediterr\u00e1neo recordando la esencia y encanto de nuestra costa.<\/p><p>Tanto la carta como el men\u00fa son de productos frescos e intentamos que sean de proximidad siempre. Nuestra cocina es mediterr\u00e1nea actualizada sin perder la esencia de la base tradicional. Disponemos de platos aptos para vegetarianos, celiacos o con otro tipo de alergias<\/p><p>Su amplia terraza le ofrece la mejor panor\u00e1mica del paseo mar\u00edtimo tanto en verano como en invierno(cristalizada en invierno) Disponemos de un comedor interior climatizado.<\/p>\t\t\t\t\t\t\t\t<\/div>\n\t\t\t\t<\/div>\n\t\t\t\t\t<\/div>\n\t\t<\/div>\n\t\t\t\t\t<\/div>\n\t\t<\/section>\n\t\t\t\t\t<\/div>\n\t\t<\/div>\n\t\t\t\t\t<\/div>\n\t\t<\/section>\n\t\t\t\t<\/div>\n\t\t","protected":false},"excerpt":{"rendered":"<p>Sotacel, del mar a la mesa Para entender la filosof\u00eda del restaurante Sotacel es primordial hablar de sus propietarios, una pareja luchadora y entregada a su trabajo. Empezaron a\u00f1os atr\u00e1s con un peque\u00f1o establecimiento en el barrio de la Llosa de Cambrils y con mucho esfuerzo y sacrificio lograron llevar a cabo uno de sus [&hellip;]<\/p>\n","protected":false},"author":1,"featured_media":0,"parent":0,"menu_order":0,"comment_status":"closed","ping_status":"closed","template":"template-home.php","meta":{"footnotes":""},"class_list":["post-12774","page","type-page","status-publish","hentry"],"yoast_head":"<!-- This site is optimized with the Yoast SEO plugin v24.1 - https:\/\/yoast.com\/wordpress\/plugins\/seo\/ -->\n<title>SOBRE NOSOTROS - Restaurant Sotacel<\/title>\n<meta name=\"robots\" content=\"index, follow, max-snippet:-1, max-image-preview:large, max-video-preview:-1\" \/>\n<link rel=\"canonical\" href=\"https:\/\/sotacel.com\/cambrils\/sobre-nosotros\/\" \/>\n<meta property=\"og:locale\" content=\"es_ES\" \/>\n<meta property=\"og:type\" content=\"article\" \/>\n<meta property=\"og:title\" content=\"SOBRE NOSOTROS - Restaurant Sotacel\" \/>\n<meta property=\"og:description\" content=\"Sotacel, del mar a la mesa Para entender la filosof\u00eda del restaurante Sotacel es primordial hablar de sus propietarios, una pareja luchadora y entregada a su trabajo. Empezaron a\u00f1os atr\u00e1s con un peque\u00f1o establecimiento en el barrio de la Llosa de Cambrils y con mucho esfuerzo y sacrificio lograron llevar a cabo uno de sus [&hellip;]\" \/>\n<meta property=\"og:url\" content=\"https:\/\/sotacel.com\/cambrils\/sobre-nosotros\/\" \/>\n<meta property=\"og:site_name\" content=\"Restaurant Sotacel\" \/>\n<meta property=\"article:modified_time\" content=\"2023-10-16T10:23:21+00:00\" \/>\n<meta property=\"og:image\" content=\"https:\/\/sotacel.com\/cambrils\/wp-content\/uploads\/2023\/09\/WhatsApp-Image-2023-09-03-at-20.08.33-1024x1024.jpeg\" \/>\n<meta name=\"twitter:card\" content=\"summary_large_image\" \/>\n<meta name=\"twitter:label1\" content=\"Tiempo de lectura\" \/>\n\t<meta name=\"twitter:data1\" content=\"1 minuto\" \/>\n<script type=\"application\/ld+json\" class=\"yoast-schema-graph\">{\"@context\":\"https:\/\/schema.org\",\"@graph\":[{\"@type\":\"WebPage\",\"@id\":\"https:\/\/sotacel.com\/cambrils\/sobre-nosotros\/\",\"url\":\"https:\/\/sotacel.com\/cambrils\/sobre-nosotros\/\",\"name\":\"SOBRE NOSOTROS - Restaurant Sotacel\",\"isPartOf\":{\"@id\":\"https:\/\/sotacel.com\/cambrils\/#website\"},\"primaryImageOfPage\":{\"@id\":\"https:\/\/sotacel.com\/cambrils\/sobre-nosotros\/#primaryimage\"},\"image\":{\"@id\":\"https:\/\/sotacel.com\/cambrils\/sobre-nosotros\/#primaryimage\"},\"thumbnailUrl\":\"https:\/\/sotacel.com\/cambrils\/wp-content\/uploads\/2023\/09\/WhatsApp-Image-2023-09-03-at-20.08.33-1024x1024.jpeg\",\"datePublished\":\"2023-08-09T21:09:50+00:00\",\"dateModified\":\"2023-10-16T10:23:21+00:00\",\"breadcrumb\":{\"@id\":\"https:\/\/sotacel.com\/cambrils\/sobre-nosotros\/#breadcrumb\"},\"inLanguage\":\"es\",\"potentialAction\":[{\"@type\":\"ReadAction\",\"target\":[\"https:\/\/sotacel.com\/cambrils\/sobre-nosotros\/\"]}]},{\"@type\":\"ImageObject\",\"inLanguage\":\"es\",\"@id\":\"https:\/\/sotacel.com\/cambrils\/sobre-nosotros\/#primaryimage\",\"url\":\"https:\/\/sotacel.com\/cambrils\/wp-content\/uploads\/2023\/09\/WhatsApp-Image-2023-09-03-at-20.08.33-1024x1024.jpeg\",\"contentUrl\":\"https:\/\/sotacel.com\/cambrils\/wp-content\/uploads\/2023\/09\/WhatsApp-Image-2023-09-03-at-20.08.33-1024x1024.jpeg\"},{\"@type\":\"BreadcrumbList\",\"@id\":\"https:\/\/sotacel.com\/cambrils\/sobre-nosotros\/#breadcrumb\",\"itemListElement\":[{\"@type\":\"ListItem\",\"position\":1,\"name\":\"Portada\",\"item\":\"https:\/\/sotacel.com\/cambrils\/\"},{\"@type\":\"ListItem\",\"position\":2,\"name\":\"SOBRE NOSOTROS\"}]},{\"@type\":\"WebSite\",\"@id\":\"https:\/\/sotacel.com\/cambrils\/#website\",\"url\":\"https:\/\/sotacel.com\/cambrils\/\",\"name\":\"Restaurant Sotacel\",\"description\":\"\",\"potentialAction\":[{\"@type\":\"SearchAction\",\"target\":{\"@type\":\"EntryPoint\",\"urlTemplate\":\"https:\/\/sotacel.com\/cambrils\/?s={search_term_string}\"},\"query-input\":{\"@type\":\"PropertyValueSpecification\",\"valueRequired\":true,\"valueName\":\"search_term_string\"}}],\"inLanguage\":\"es\"}]}<\/script>\n<!-- \/ Yoast SEO plugin. -->","yoast_head_json":{"title":"SOBRE NOSOTROS - Restaurant Sotacel","robots":{"index":"index","follow":"follow","max-snippet":"max-snippet:-1","max-image-preview":"max-image-preview:large","max-video-preview":"max-video-preview:-1"},"canonical":"https:\/\/sotacel.com\/cambrils\/sobre-nosotros\/","og_locale":"es_ES","og_type":"article","og_title":"SOBRE NOSOTROS - Restaurant Sotacel","og_description":"Sotacel, del mar a la mesa Para entender la filosof\u00eda del restaurante Sotacel es primordial hablar de sus propietarios, una pareja luchadora y entregada a su trabajo. Empezaron a\u00f1os atr\u00e1s con un peque\u00f1o establecimiento en el barrio de la Llosa de Cambrils y con mucho esfuerzo y sacrificio lograron llevar a cabo uno de sus [&hellip;]","og_url":"https:\/\/sotacel.com\/cambrils\/sobre-nosotros\/","og_site_name":"Restaurant Sotacel","article_modified_time":"2023-10-16T10:23:21+00:00","og_image":[{"url":"https:\/\/sotacel.com\/cambrils\/wp-content\/uploads\/2023\/09\/WhatsApp-Image-2023-09-03-at-20.08.33-1024x1024.jpeg","type":"","width":"","height":""}],"twitter_card":"summary_large_image","twitter_misc":{"Tiempo de lectura":"1 minuto"},"schema":{"@context":"https:\/\/schema.org","@graph":[{"@type":"WebPage","@id":"https:\/\/sotacel.com\/cambrils\/sobre-nosotros\/","url":"https:\/\/sotacel.com\/cambrils\/sobre-nosotros\/","name":"SOBRE NOSOTROS - Restaurant Sotacel","isPartOf":{"@id":"https:\/\/sotacel.com\/cambrils\/#website"},"primaryImageOfPage":{"@id":"https:\/\/sotacel.com\/cambrils\/sobre-nosotros\/#primaryimage"},"image":{"@id":"https:\/\/sotacel.com\/cambrils\/sobre-nosotros\/#primaryimage"},"thumbnailUrl":"https:\/\/sotacel.com\/cambrils\/wp-content\/uploads\/2023\/09\/WhatsApp-Image-2023-09-03-at-20.08.33-1024x1024.jpeg","datePublished":"2023-08-09T21:09:50+00:00","dateModified":"2023-10-16T10:23:21+00:00","breadcrumb":{"@id":"https:\/\/sotacel.com\/cambrils\/sobre-nosotros\/#breadcrumb"},"inLanguage":"es","potentialAction":[{"@type":"ReadAction","target":["https:\/\/sotacel.com\/cambrils\/sobre-nosotros\/"]}]},{"@type":"ImageObject","inLanguage":"es","@id":"https:\/\/sotacel.com\/cambrils\/sobre-nosotros\/#primaryimage","url":"https:\/\/sotacel.com\/cambrils\/wp-content\/uploads\/2023\/09\/WhatsApp-Image-2023-09-03-at-20.08.33-1024x1024.jpeg","contentUrl":"https:\/\/sotacel.com\/cambrils\/wp-content\/uploads\/2023\/09\/WhatsApp-Image-2023-09-03-at-20.08.33-1024x1024.jpeg"},{"@type":"BreadcrumbList","@id":"https:\/\/sotacel.com\/cambrils\/sobre-nosotros\/#breadcrumb","itemListElement":[{"@type":"ListItem","position":1,"name":"Portada","item":"https:\/\/sotacel.com\/cambrils\/"},{"@type":"ListItem","position":2,"name":"SOBRE NOSOTROS"}]},{"@type":"WebSite","@id":"https:\/\/sotacel.com\/cambrils\/#website","url":"https:\/\/sotacel.com\/cambrils\/","name":"Restaurant Sotacel","description":"","potentialAction":[{"@type":"SearchAction","target":{"@type":"EntryPoint","urlTemplate":"https:\/\/sotacel.com\/cambrils\/?s={search_term_string}"},"query-input":{"@type":"PropertyValueSpecification","valueRequired":true,"valueName":"search_term_string"}}],"inLanguage":"es"}]}},"_links":{"self":[{"href":"https:\/\/sotacel.com\/cambrils\/wp-json\/wp\/v2\/pages\/12774","targetHints":{"allow":["GET"]}}],"collection":[{"href":"https:\/\/sotacel.com\/cambrils\/wp-json\/wp\/v2\/pages"}],"about":[{"href":"https:\/\/sotacel.com\/cambrils\/wp-json\/wp\/v2\/types\/page"}],"author":[{"embeddable":true,"href":"https:\/\/sotacel.com\/cambrils\/wp-json\/wp\/v2\/users\/1"}],"replies":[{"embeddable":true,"href":"https:\/\/sotacel.com\/cambrils\/wp-json\/wp\/v2\/comments?post=12774"}],"version-history":[{"count":14,"href":"https:\/\/sotacel.com\/cambrils\/wp-json\/wp\/v2\/pages\/12774\/revisions"}],"predecessor-version":[{"id":13461,"href":"https:\/\/sotacel.com\/cambrils\/wp-json\/wp\/v2\/pages\/12774\/revisions\/13461"}],"wp:attachment":[{"href":"https:\/\/sotacel.com\/cambrils\/wp-json\/wp\/v2\/media?parent=12774"}],"curies":[{"name":"wp","href":"https:\/\/api.w.org\/{rel}","templated":true}]}}